at are the prime factors of m(t)?
11, 13
Let a(b) = 4*b + 5. Let k = -49 + 83. Let t = k - 24. What are the prime factors of a(t)?
3, 5
List the prime factors of 1/7 - 73830/(-42).
2, 3, 293
Let a = 1155 + 462. List the prime factors of a.
3, 7, 11
Let w(h) = -11*h - 67. What are the prime factors of w(-25)?
2, 13
Let o(p) be the third derivative of -1/24*p**4 + 0*p + 0 + 17/2*p**3 - p**2. What are the prime factors of o(0)?
3, 17
Suppose 2*w + 18 = m + 3*m, 5*m - 55 = 5*w. Let t = w + 49. Suppose p + t = 5*p. List the prime factors of p.
3
Let y = -438 - -1670. What are the prime factors of y?
2, 7, 11
Let k(g) = g**3 + 10*g**2 - 13*g - 9. Let h(q) = q**3 - 5*q**2 - 7*q - 5. Suppose -5 - 19 = -4*x. Let b be h(x). List the prime factors of k(b).
13
Let w(u) = u + 1. Let s be w(3). Suppose a - 3 = s. Let y = a + -4. List the prime factors of y.
3
Let d(y) = y**3 - 11*y**2 + 11*y - 14. Let f be d(10). Let l = 14 + 10. Let p = f + l. List the prime factors of p.
2, 5
Let t = 5266 + -1826. What are the prime factors of t?
2, 5, 43
List the prime factors of 3 + (-2 + -2 - -617).
2, 7, 11
Let m(c) = -382*c + 65. What are the prime factors of m(-8)?
3121
Let y(p) = -p**3 + p**2. Let a be y(-1). Suppose -3*f - 2*f - 31 = -k, a*f = -k - 4. Suppose -4*t = -k*t + 16. List the prime factors of t.
2
Let h(p) = -121*p + 61. What are the prime factors of h(-10)?
31, 41
What are the prime factors of (-9172)/(-28) - 9/(-21)?
2, 41
Suppose 7*r - 3634 = 4591. List the prime factors of r.
5, 47
Suppose 5*c - 4*o = 2727 - 106, 5*o = -c + 530. List the prime factors of c.
3, 5, 7
Suppose 4*v + 9 = -19. Let r(n) = -n**2 - 8*n - 2. Let f be r(v). Suppose -5*p + 151 = -0*p + 2*q, 0 = -4*p - f*q + 114. List the prime factors of p.
31
Suppose -37*x = -16*x - 2226. What are the prime factors of x?
2, 53
Suppose f - 14 + 3 = 0. Suppose -58 = -3*d + f. Let u = d - 15. List the prime factors of u.
2
Suppose -102 = 5*h + 83. Suppose 5*w - 2*j + 3*j - 283 = 0, -5*w - 3*j + 279 = 0. Let y = h + w. What are the prime factors of y?
2, 5
Let u = -1397 + 2841. Suppose u - 245 = 5*x - h, -3*x = -5*h - 715. What are the prime factors of x?
2, 3, 5
Suppose 194*c - 1560 = 193*c. What are the prime factors of c?
2, 3, 5, 13
Suppose 2*p = -4*w + 112 + 34, p + 172 = 5*w. Let i = -15 + w. Let z = i + 19. List the prime factors of z.
3, 13
Suppose -13575 = -26*o + o. What are the prime factors of o?
3, 181
Let p(g) be the first derivative of -g**3/3 + 5*g**2/2 - g + 6. Let f be p(2). Suppose -r + 70 = 2*r + f*h, 0 = 5*r - h - 98. What are the prime factors of r?
2, 5
Suppose -13*p = -6*p - 22876. List the prime factors of p.
2, 19, 43
Let f be 0 - (3 - 3 - 69). Suppose -s + f = -0*s. List the prime factors of s.
3, 23
Let z(b) = -b - 1. Let d be z(-1). Suppose 47 + 24 = 3*g - 2*o, d = 2*g + 5*o - 60. What are the prime factors of g?
5
What are the prime factors of (-2 + 1)*(30/10 + -557)?
2, 277
Let b be (1 - 1)/((-4)/2). Suppose 148 = -b*j - 4*j. Let x = -18 - j. List the prime factors of x.
19
Suppose -5*j = j - 450. List the prime factors of (j + 5)*9/6.
2, 3, 5
Suppose 0 = 71*x - 221397 - 55290. What are the prime factors of x?
3, 433
Suppose -6*m + 235 = -443. Let a = -51 + m. List the prime factors of a.
2, 31
Suppose 548*j - 557*j + 4464 = 0. What are the prime factors of j?
2, 31
Let t = 5 + -5. Suppose t = 3*f - 129 - 129. List the prime factors of f.
2, 43
Let d = 1882 - 1039. What are the prime factors of d?
3, 281
Let u(m) = 9*m**2 - m - 10. Let a(j) = -5*j**2 + 5. Let q be (3 + -8)/(5 - 4). Let n(v) = q*a(v) - 2*u(v). List the prime factors of n(-3).
2, 13
Let g(a) = -a**2 + 21*a - 11. Let t be g(18). Suppose 2*l - 1 - t = 0. List the prime factors of l.
2, 11
Suppose -r = -6 - 5. Suppose -2*a + r = -25. What are the prime factors of a?
2, 3
Let j(z) = z**3 + 10*z**2 + 12*z + 11. Let s be j(-8). Suppose 2*m = m - 5*f + s, -47 = -2*m + 3*f. Let d = m + -25. What are the prime factors of d?
3
Let g(f) = -f**2 - 10*f + 14. Let s be g(-10). Suppose -4*m + 3*m = -s. Let c = 30 + m. List the prime factors of c.
2, 11
Suppose d - 3*m = -3 + 2, -5*d - 4*m - 43 = 0. Let q = -1 - d. Suppose 0*y + 3*y = q. What are the prime factors of y?
2
Let u = 280 + -45. What are the prime factors of u?
5, 47
Let r be (48/(-64))/(3/(-4)). Let l = -2 + r. List the prime factors of (276/(-18))/(l/3).
2, 23
Let j(k) = 4*k**2 - 22*k - 126. What are the prime factors of j(32)?
2, 23, 71
Suppose -f - 2*v = -2, -5*f + 3*v - 16 + 78 = 0. Suppose 0 = -5*h - f, -3*l + 6*l - 18 = -3*h. What are the prime factors of l?
2
Let n = 84 + 71. Suppose 0 = 4*z - 17 - n. List the prime factors of z.
43
Suppose 24136 = 19*d - 55037. What are the prime factors of d?
3, 463
Let a(q) = 0*q + 5 - q + 3*q. What are the prime factors of a(-1)?
3
Let n = 11 + -13. Let r(i) = -10*i**3 + 2*i**2 + i + 3. Let f(v) = v**3 - v**2 - 1. Let s(m) = 4*f(m) + r(m). List the prime factors of s(n).
37
Suppose -4*y - 101 = 5*f - 881, -3*y = 5*f - 775. List the prime factors of f.
2, 19
Suppose -o + 5 = 26. Let j = o - -80. List the prime factors of j.
59
Let t be ((-3)/2)/(40/(-80)). Let f be (-2)/4 + (-2)/(-4). Suppose t*k - 6*k - l + 12 = f, l - 6 = -k. What are the prime factors of k?
3
Suppose -s - 631 = -3*b + 393, -5*b = -4*s - 1716. Suppose -3*n + w = 6*w + 217, 4*w = -5*n - b. List the prime factors of 6/9 + n/(-12).
2, 3
Suppose 11*i = 3*i + 3008. List the prime factors of (-1 + 2)/(8/i).
47
Suppose -2*w = 2*t - 12, 5*t + 2*w = 7*t - 24. Suppose 84 = -t*l + 354. List the prime factors of l.
2, 3, 5
Suppose 255 = 4*w - 9*w + 2*r, 4*w + 191 = -r. What are the prime factors of 394/7 - (-14)/w?
2, 7
Suppose -s - 965 = 2*r - 2968, 4*s - 5000 = -5*r. List the prime factors of r.
2, 251
Let b be -3 + 1 + -15 + -3. Let j be 52/b - 6/(-10). List the prime factors of 36/21*(-7)/j.
2, 3
Let o(m) = m**3 + 5*m**2 - m + 2. Let n be (-2 + (-1)/2)*2. Let w be o(n). Let h(r) = r + 2. List the prime factors of h(w).
3
Let k = 719 + -329. What are the prime factors of k?
2, 3, 5, 13
Suppose -4*k = -5*k + 18. Let s = 38 - k. Let a = s - -4. What are the prime factors of a?
2, 3
Suppose 0 = 8*k - 90 + 2. Suppose 3*n = k*n - 24. List the prime factors of n.
3
Let z(j) be the third derivative of -1/8*j**4 - 2/3*j**3 + 0 + 0*j + 3*j**2. List the prime factors of z(-3).
5
Suppose 0 = 10*w - 15*w + 10. Let c be w*(-3 + 27/6). List the prime factors of (182 + c)*(-2)/(-5).
2, 37
Suppose 5 = n - o, -4*n + 15 = -2*o - o. Suppose -2*r + 80 + 446 = n. What are the prime factors of r?
263
What are the prime factors of 1 + 3 + 24/36*174?
2, 3, 5
Let m = -736 - -1045. What are the prime factors of m?
3, 103
Suppose 0 = -11*t + 10*t + 19. Suppose 0 = -6*c - 1 + t. List the prime factors of c.
3
Let n = -458 - -1770. List the prime factors of n.
2, 41
Let z = 101 - 61. Suppose -5*j + 2*s = -4 - 34, 2*j - s = 16. Suppose j*y - y = z. List the prime factors of y.
2
Suppose 2*t - 5 + 7 = 0. List the prime factors of (-15)/9*3/t.
5
Suppose -3*q + 14 = 5*l + 1, -3*l + 4 = -2*q. Suppose -12 = 2*y + 2*y, -u - l*y + 96 = 0. What are the prime factors of u?
2, 3, 17
Let h(c) = c**2 + 3*c + 4. Let u = 3 - 5. Let m = u - 5. List the prime factors of h(m).
2
Suppose 3*d + 16 = 22. Suppose 0 = -4*b + 4*q + 448, 3*q - 254 = -d*b - q. List the prime factors of b.
3, 13
Let r(o) = 72*o**2 - 28. What are the prime factors of r(-4)?
2, 281
Suppose p - 4*s - 10 - 2 = 0, -10 = 5*s. Let k(h) = 5*h**2 + 5*h - 5. What are the prime factors of k(p)?
5, 19
Suppose 10 = 2*h, x = -h + 7 + 75. What are the prime factors of x?
7, 11
Let a(y) = 3*y**2 + 2*y + 3. Let t be a(-2). Suppose -p = t - 42. List the prime factors of p.
31
Let v(o) be the first derivative of -o**4/4 - o**3/3 + o**2 + 258*o + 4. What are the prime factors of v(0)?
2, 3, 43
Let v(s) = -s**3 - 4*s**2 + 3. Let c be v(-4). Suppose u + 2 = c*u. Let w = 32 - u. What are the prime factors of w?
31
Let o = 68 - 52. Suppose o*q + 74 = 18*q. List the prime factors of q.
37
Let c(k) = 72*k + 1175. What are the prime factors of c(0)?
5, 47
Let l(i) = 21*i**2 + 2*i + 65. What are the prime factors of l(-7)?
2, 3, 5
Let l(s) be the third derivative of -s**6/120 - 13*s**5/60 - s**4/24 - 4*s**3/3 - 6*s**2. Let a be l(-13). What are th